{"id":87,"date":"2026-03-15T19:42:42","date_gmt":"2026-03-15T17:42:42","guid":{"rendered":"https:\/\/sinuhambaarst.ee\/?page_id=87"},"modified":"2026-03-15T19:58:00","modified_gmt":"2026-03-15T17:58:00","slug":"hinnakiri","status":"publish","type":"page","link":"https:\/\/sinuhambaarst.ee\/?page_id=87","title":{"rendered":"Hinnakiri"},"content":{"rendered":"\n<div class=\"wp-block-columns is-layout-flex wp-container-core-columns-is-layout-9d6595d7 wp-block-columns-is-layout-flex\">\n<div class=\"wp-block-column is-layout-flow wp-block-column-is-layout-flow\">\n<div class=\"container\">\n\n    <p class=\"intro\">\n        Veebinimekirjas on orienteeruvad hinnad valitud teenustest. T\u00e4ieliku hinnakirjaga saate tutvuda kohapeal.\n        Ravi t\u00e4pne maksumus selgub konsultatsioonil ning s\u00f5ltub probleemi ulatusest.\n    <\/p>\n\n    <table class=\"pricing-table\">\n        <thead>\n            <tr>\n                <th>Teenus<\/th>\n                <th>Hind<\/th>\n            <\/tr>\n        <\/thead>\n\n        <tbody>\n\n            <tr class=\"section\">\n                <td colspan=\"2\" ><strong>Prof\u00fclaktilised menetlused<\/strong><\/td>\n            <\/tr>\n            <tr>\n                <td>Suu\u00f5\u00f5ne \u00fclevaatus ja konsultatsioon, h\u00fcgieeni- ja hambapesu \u00f5petamine<\/td>\n                <td>15\u20ac<\/td>\n            <\/tr>\n            <tr>\n                <td>Hambakivi eemaldamine (1 hammas)<\/td>\n                <td>5\u20ac<\/td>\n            <\/tr>\n            <tr>\n                <td>\u00dche hamba valikuline lihvimine hambumuse korrigeerimiseks<\/td>\n                <td>5\u20ac<\/td>\n            <\/tr>\n            <tr>\n                <td>Hammaste puhastamine soodapritsiga (Air Flow)<\/td>\n                <td>60\u20ac<\/td>\n            <\/tr>\n            <tr>\n                <td>R\u00f6-pilt (v\u00e4ike)<\/td>\n                <td>15\u20ac<\/td>\n            <\/tr>\n            <tr>\n                <td>Krooni tsementeerimine<\/td>\n                <td>30\u20ac<\/td>\n            <\/tr>\n\n            <tr class=\"section\">\n                <td colspan=\"2\"><strong>Anesteesia (tuimestus)<\/strong><\/td>\n            <\/tr>\n            <tr>\n                <td>Pinnaanesteesia (limaskesta tuimestus)<\/td>\n                <td>10\u20ac<\/td>\n            <\/tr>\n            <tr>\n                <td>Injektsioonanesteesia (tuimestuss\u00fcst)<\/td>\n                <td>15\u20ac<\/td>\n            <\/tr>\n\n            <tr class=\"section\">\n                <td colspan=\"2\"><strong>Ravi<\/strong><\/td>\n            <\/tr>\n            <tr>\n                <td>\u00dche parapulpaarse tihvti asetamine ja fikseerimine t\u00e4idise toestamiseks<\/td>\n                <td>15\u20ac<\/td>\n            <\/tr>\n            <tr>\n                <td>Juurekruvi asetamine ja fikseerimine<\/td>\n                <td>20\u20ac<\/td>\n            <\/tr>\n            <tr>\n                <td>Ravimi asetamine ja ajutine t\u00e4idis (igeme veritsuse korral)<\/td>\n                <td>25\u20ac<\/td>\n            <\/tr>\n\n            <tr class=\"section\">\n                <td colspan=\"2\"><strong>T\u00e4idised (sh preparatsioon)<\/strong><\/td>\n            <\/tr>\n            <tr>\n                <td>\u00dche pinna t\u00e4idis<\/td>\n                <td>70\u20ac<\/td>\n            <\/tr>\n            <tr>\n                <td>Kahe pinna t\u00e4idis<\/td>\n                <td>80\u20ac<\/td>\n            <\/tr>\n            <tr>\n                <td>Kolme pinna t\u00e4idis<\/td>\n                <td>90\u20ac<\/td>\n            <\/tr>\n            <tr>\n                <td>Ulatuslik hambakrooni taastamine v\u00f5i laminaat esihambale<\/td>\n                <td>95\u20ac<\/td>\n            <\/tr>\n\n            <tr class=\"section\">\n                <td colspan=\"2\"><strong>Endodontia (juureravi)<\/strong><\/td>\n            <\/tr>\n            <tr>\n                <td>Pulbi katmine ja ajutine t\u00e4idis<\/td>\n                <td>25\u20ac<\/td>\n            <\/tr>\n            <tr>\n                <td>Pulbi amputatsioon<\/td>\n                <td>15\u20ac<\/td>\n            <\/tr>\n            <tr>\n                <td>\u00dche kanaliga hamba juurekanali avamine ja laiendamine<\/td>\n                <td>35\u20ac<\/td>\n            <\/tr>\n            <tr>\n                <td>Kahe v\u00f5i enama kanaliga hamba \u00fche juurekanali avamine ja laiendamine<\/td>\n                <td>45\u20ac<\/td>\n            <\/tr>\n            <tr>\n                <td>Ravimivahetus juurekanalis<\/td>\n                <td>25\u20ac<\/td>\n            <\/tr>\n            <tr>\n                <td>Juurekanali t\u00e4itmine \u00fche kanaliga hambal<\/td>\n                <td>50\u20ac<\/td>\n            <\/tr>\n            <tr>\n                <td>\u00dche juurekanali t\u00e4itmine kahe v\u00f5i enama kanaliga hambal<\/td>\n                <td>60\u20ac<\/td>\n            <\/tr>\n\n            <tr class=\"section\">\n                <td colspan=\"2\"><strong>Kirurgia<\/strong><\/td>\n            <\/tr>\n            <tr>\n                <td>Medikamendi aplikatsioon kuni nelja igemetasku ulatuses v\u00f5i limaskestale<\/td>\n                <td>10\u20ac<\/td>\n            <\/tr>\n            <tr>\n                <td>\u00dche juurega hamba eemaldamine<\/td>\n                <td>40\u20ac<\/td>\n            <\/tr>\n            <tr>\n                <td>Mitme juurega hamba eemaldamine<\/td>\n                <td>60\u20ac<\/td>\n            <\/tr>\n            <tr>\n                <td>M\u00e4dakolde avamine ja ravimenetlused<\/td>\n                <td>25\u20ac<\/td>\n            <\/tr>\n            <tr>\n                <td>Kirurgilise sekkumisega j\u00e4relkontroll<\/td>\n                <td>25\u20ac<\/td>\n            <\/tr>\n            <tr>\n                <td>Kirurgiline haava revisjon ja korrastamine<\/td>\n                <td>25\u20ac<\/td>\n            <\/tr>\n            <tr>\n                <td>Hemostaas \u00f5mblusega<\/td>\n                <td>35\u20ac<\/td>\n            <\/tr>\n            <tr>\n                <td>Hambajuure v\u00f5i hambajuurejupi eemaldamine<\/td>\n                <td>60\u20ac<\/td>\n            <\/tr>\n            <tr>\n                <td>S\u00fcgavalt murdunud hamba v\u00f5i purunenud hamba eemaldamine<\/td>\n                <td>70\u20ac<\/td>\n            <\/tr>\n            <tr>\n                <td>Retineeritud hamba eemaldamine<\/td>\n                <td>70\u20ac<\/td>\n            <\/tr>\n\n        <\/tbody>\n    <\/table>\n\n    <div class=\"disclaimer\">\n        <strong>NB<\/strong> &#8220;Sinu Hambaarst&#8221; ei ole hetkel Haigekassa lepingupartner ja seet\u00f5ttu ei ole laste hambaravi meil tasuta.\n    <\/div>\n<\/div>\n<\/div>\n<\/div>\n","protected":false},"excerpt":{"rendered":"<p>Veebinimekirjas on orienteeruvad hinnad valitud teenustest. T\u00e4ieliku hinnakirjaga saate tutvuda kohapeal. Ravi t\u00e4pne maksumus selgub konsultatsioonil ning s\u00f5ltub probleemi ulatusest. Teenus Hind Prof\u00fclaktilised menetlused Suu\u00f5\u00f5ne \u00fclevaatus ja konsultatsioon, h\u00fcgieeni- ja hambapesu \u00f5petamine 15\u20ac Hambakivi eemaldamine (1 hammas) 5\u20ac \u00dche hamba valikuline lihvimine hambumuse korrigeerimiseks 5\u20ac Hammaste puhastamine soodapritsiga (Air Flow) 60\u20ac R\u00f6-pilt (v\u00e4ike) 15\u20ac Krooni [&hellip;]<\/p>\n","protected":false},"author":1,"featured_media":0,"parent":0,"menu_order":0,"comment_status":"closed","ping_status":"closed","template":"","meta":{"footnotes":""},"class_list":["post-87","page","type-page","status-publish","hentry"],"_links":{"self":[{"href":"https:\/\/sinuhambaarst.ee\/index.php?rest_route=\/wp\/v2\/pages\/87","targetHints":{"allow":["GET"]}}],"collection":[{"href":"https:\/\/sinuhambaarst.ee\/index.php?rest_route=\/wp\/v2\/pages"}],"about":[{"href":"https:\/\/sinuhambaarst.ee\/index.php?rest_route=\/wp\/v2\/types\/page"}],"author":[{"embeddable":true,"href":"https:\/\/sinuhambaarst.ee\/index.php?rest_route=\/wp\/v2\/users\/1"}],"replies":[{"embeddable":true,"href":"https:\/\/sinuhambaarst.ee\/index.php?rest_route=%2Fwp%2Fv2%2Fcomments&post=87"}],"version-history":[{"count":10,"href":"https:\/\/sinuhambaarst.ee\/index.php?rest_route=\/wp\/v2\/pages\/87\/revisions"}],"predecessor-version":[{"id":102,"href":"https:\/\/sinuhambaarst.ee\/index.php?rest_route=\/wp\/v2\/pages\/87\/revisions\/102"}],"wp:attachment":[{"href":"https:\/\/sinuhambaarst.ee\/index.php?rest_route=%2Fwp%2Fv2%2Fmedia&parent=87"}],"curies":[{"name":"wp","href":"https:\/\/api.w.org\/{rel}","templated":true}]}}